+ (4 - 1)?
3
Calculate -2 - -18 - (-73 - -80).
9
-1 - (-5 - (-9 - -3)) - -7
5
0 + -4 + (5 - -4)
5
Evaluate (-3 - 3 - 2) + 1 - -2.
-5
What is 9 - (7 - (-19 + 14))?
-3
What is 1 + (-2 - (-4 + 2 + -3))?
4
What is -3 + (-9 - -5 - -3)?
-4
(5 - (0 + 5)) + (-1 - -4)
3
What is the value of -1 + 5 + 13 + -13 - 0?
4
Evaluate -1 - -4 - (10 + -6 + 8).
-9
What is -2 + 3 + 1 + (0 - 6)?
-4
Calculate -3 + -2 + 0 - 3 - -3.
-5
What is the value of 2 - (4 - -1) - 0?
-3
Evaluate 0 - (0 - 4 - 0).
4
What is the value of (4 - 0) + -23 + 14 - -2?
-3
Evaluate -7 + 3 + -1 + 6.
1
Evaluate 2 + (-2 - -2) + (9 - 4).
7
What is the value of (2 - (11 + -5)) + 2?
-2
Calculate 2 + 6 + 4 + -7.
5
What is the value of 2 + 17 - (34 + -22)?
7
Calculate -3 + 5 + (-3 + 3 - -3).
5
Evaluate 1 - (5 - 1 - 4).
1
What is the value of 23 - -2 - 9 - 8?
8
What is the value of -6 - (3 + (-4 - 3))?
-2
Calculate (-4 - (1 + -7)) + 0 + -6.
-4
What is the value of -53 + 49 - (-10 + -3 + 2)?
7
Calculate -4 + -6 + 9 - 3.
-4
(0 - 0) + (0 + -8 - -6)
-2
What is -1 + (2 - (-4 - (0 + -2)))?
3
What is (2 + -2 - 5) + 1?
-4
Calculate -1 + (4 - 0) - -2.
5
What is the value of 0 + 1 + -1 - (412 + -414)?
2
What is -22 - -14 - (-2 - (2 - 2))?
-6
What is 14 - 7 - (-1 - -6)?
2
What is 5 - ((-5 - -13) + 0)?
-3
What is the value of (-1 - (0 + -2)) + 4?
5
Calculate 4 - (-1 + 7 + -2).
0
What is -3 + (-3 + -8 - -6)?
-8
Evaluate -9 + 16 + -1 + -2 - 2.
2
What is the value of -1 + 1 - (1 - 5)?
4
3 + 0 + (1 - 4 - -4)
4
Evaluate 2 - (-3 + 2 + 3).
0
What is (3 - (0 + 2 - -5)) + 5?
1
What is -6 + 6 - -1 - 1?
0
Evaluate 0 + 0 - (2 + 1 + 0).
-3
Evaluate (-1 - (-4 + -1)) + -1.
3
Calculate -3 + 3 + -2 + -3 + 9.
4
Evaluate 2 - (10 - (12 - 2)).
2
What is -53 + 47 + 0 + -2?
-8
Evaluate 4 - ((-7 - -15) + -4).
0
1 + (0 - 8) - -13
6
What is the value of (-12 - -7) + (-1 - -3) + 2?
-1
What is the value of 0 + (1 - -1) + (2 - 4)?
0
Evaluate 3 + -5 + -4 + 8 - 4.
-2
-46 + 49 - (1 - (-1 + -2))
-1
4 - (-2 - -5 - -6)
-5
What is the value of -1 + 0 + (-32 - -31)?
-2
3 - (4 + -4 - (0 + -3))
0
Evaluate 3 - -3 - (-5 + -8 + 20).
-1
What is 1 + (-5 + 2 - (8 + -5))?
-5
-5 - (-40 - -29 - (-6 + 0))
0
Calculate -1 + -7 - (-61 - -45).
8
Calculate 8 + 1 + -4 - (4 + 10).
-9
Evaluate (0 - 1) + 0 - (-5 + 0).
4
What is the value of 3 + (3 - (-1 - -11)) - -2?
-2
6 + -4 + 2 + (5 - 19)
-10
What is (6 - 7) + (2 - -3)?
4
What is the value of -22 + 17 - (1 + 1)?
-7
Calculate (-2 - (5 - -2)) + (-6 - -7).
-8
Evaluate 3 - (3 + (-1 - 0) + 3).
-2
What is 4 - (-3 + 8 + 4)?
-5
What is -3 - ((2 - (2 - 6)) + 0)?
-9
-23 - (1 - 14) - (0 - 6)
-4
What is the value of -11 + 17 + -1 + -2 + 0?
3
Calculate 5 - (3 - (1 - -3)).
6
What is the value of 21 + -40 - -4 - (-7 + 1)?
-9
What is (-8 + 5 + -5 - -4) + 4?
0
(-8 - (-8 + -5)) + -12
-7
Evaluate 0 - (-5 + 6 + (-1 - -2)).
-2
What is -1 - (7 + -4 + 4 - 4)?
-4
Calculate -1 + (5 - 3) + -1 + -1.
-1
What is 0 + (-4 - -1) + 0 + -1?
-4
Calculate 1 + (0 - (-1 + 6 + -2)).
-2
(0 - -4) + (-17 - -17)
4
Evaluate -6 - ((12 - 15) + -6 + 1).
2
Calculate -8 + -1 + (-2 - -5) + 5.
-1
What is the value of -5 + 9 + (-3 + 1 - 3)?
-1
-5 + 0 + (1 + 15 - 16)
-5
What is (-8 - -5) + (1 - 2) + -1?
-5
What is the value of (7 - 3) + 4 - 4?
4
Calculate 0 + 7 + (-14 - -9).
2
5 - ((-3 - -4) + 3)
1
What is the value of (-9 - -10) + -5 + -3?
-7
(-8 - 1) + (8 - 1 - 3)
-5
Evaluate 1 - -3 - (19 - (-18 + 42)).
9
What is (-5 - (3 - 2)) + 4?
-2
What is (-1 + -2 - 3) + -4 + 4?
-6
(4 - 4) + -5 - (-5 - -1)
-1
What is the value of -12 - (1 + 2 + (-33 - -24))?
-6
Calculate (10 - 13) + (-3 - -3 - 2).
-5
Evaluate 3 + (-6 - -3) + (-1 - -4).
3
Evaluate (4 - (6 + -2)) + 2 - 7.
-5
-15 + 6 + 1 + (-4 - -3)
-9
Evaluate -1 + 0 + (-24 - -26).
1
Evaluate 5 + (-5 + 4 + -1 - -1).
4
Calculate 4 - (4 - 1 - -4).
-3
0 + (3 - (-3 - -7))
-1
-2 + (-7 - -4) + 1
-4
What is the value of -5 + 9 - (3 - -6)?
-5
-10 + (-1 - -4) + 3 + 0
-4
2 - (-2 - -1) - -1
4
-3 - 0 - (-1 + -1)
-1
-3 - (-7 + -6 + 2 + 9)
-1
Evaluate -2 - 6 - (-2 - (0 + 1)).
-5
What is the value of 3 - 1 - (122 + -121)?
1
-2 + (4 + 7 - 9)
0
Calculate (0 - (0 - -2)) + (25 - 20).
3
-33 + 30 + (-2 - -11)
6
What is -9 + -1 + 4 + 7 - 5?
-4
What is (-9 - -8) + 5 + 1 - 11?
-6
Calculate (-1 - -1) + -2 - -3.
1
What is -1 - 1 - -1 - -6?
5
-3 + (6 - -1 - 2) + -4
-2
Evaluate -2 - ((-8 - -2) + 1).
3
Evaluate -4 + 0 + -1 + 3.
-2
Evaluate 5 - (-4 + 7) - (2 + -5).
5
Evaluate -128 + 137 - (-2 + 5).
6
What is (-3 - (5 - 4)) + 1 - -3?
0
-8 - (2 + -11 + 4)
-3
(3 + 0 - 2) + -5
-4
What is 0 - (-5 + 6) - -6?
5
(-20 + 10 - -6) + -5
-9
8 - ((3 - 3 - -4) + -1)
5
Evaluate (5 + -2 - 2) + -7 - -5.
-1
1 - 0 - 1 - (-13 - -10)
3
What is -1 - (3 + 2 + -4)?
-2
(1 - 3) + (3 - -4 - 3)
2
Evaluate 5 - ((6 - 5) + 0).
4
What is the value of 9 + 8 + -10 + -13?
-6
Calculate 2 + (-1 + -1 + -1 - -5).
4
10 - (-2 + 17 + -9)
4
2 - ((-5 - -8) + 0 + -2)
1
Calculate (10 - 16) + -1 + 4.
-3
Calculate (-16 - (-11 - -15)) + 10.
-10
Calculate -4 + (6 - 9) - (-1 + -2).
-4
-5 - (-4 - (-9 - -4))
-6
3 + (-5 - -6) - (0 - -4)
0
Evaluate -1 + -5 + 3 - (-2 + 0).
-1
7 - 6 - (-2 - -6)
-3
Calculate -7 + (0 + 1 - -4) - 4.
-6
68 + -68 - (2 - 1)
-1
Evaluate 5 - (7 + -4 + 4).
-2
Evaluate -2 + 7 + 5 + -12.
-2
Calculate 1 + -10 + (0 - -10).
1
What is the value of 2 + (0 - 1 - -5) + -3?
3
What is the value of -7 - 1 - (-13 + 13)?
-8
Calculate 1 + (-11 - (1 - 6)) + 1.
-4
Evaluate 2 - (2 + 2 - -5).
-7
What is the value of -2 - (-1 + (9 - 7))?
-3
Evaluate 2 + -1 - (50 - 41).
-8
Calculate -1 + 1 + 2 + (9 - 6).
5
What is the value of -2 + 2 + -2 + -3 + 4?
-1
Evaluate 2 - ((-2 - -1 - -5) + 0).
-2
Calculate 0 + 1 - -6 - (1 + -2).
8
6 + 1 + 2 + (5 - 13)
1
1 + -13 + 4 + 5
-3
Calculate (4 - (5 - 1)) + -5 - -6.
1
Evaluate (9 - (1 + 0)) + 5 + -11.
2
Calculate 5 + (3 - 10) + -5.
-7
Calculate (-4 - -3) + -3 + (3 - 2).
-3
Calculate 6 + -8 - (-7 + 0).
5
Calculate 2 + -10 - (-5 + -10 + 13).
-6
Evaluate (0 - -4 - (6 - 1)) + -4.
-5
-6 + 6 + -3 + (2 - 0)
-1
2 + -5 + (3 - -2) - 3
-1
What is 7 + -6 - (1 + -4 + 7)?
-3
What is 4 - (10 - (4 - -1) - -2)?
-3
What is 3 + (-4 - -1 - -5)?
5
What is the value of 0 + 1 + -4 + 18 + -11?
4
What is 0 - (6 + (-3 + -7 - -5))?
-1
What is -4 + 0 - (0 + 5 + -4)?
-5
What is the value of (0 - (-4 - -6)) + -4 + 1?
-5
What is 4 - (10 - -1 - 2)?
-5
(-9 - -2) + (5 - 5 - -2)
-5
Evaluate 11 - 9 - (1 - -3 - 0).
-2
What is the value of (-1 + 4 - 5) + -3 - 1?
-6
What is the value of (-2 - 5) + -24 + 26 + 5?
0
-14 - (-8 - -5 - 9)
-2
16 - 20 - (0 - (1 + 1))
-2
(-14 - -9) + 15 + -8
2
Calculate 20 + -10 + -20 + (-1 - -1).
-10
Calculate 1 + -2 - (-5 - -3).
1
What is 5 - (5 + (4 - 7))?
3
Calculate -4 - (-1 - (-1 + 3)) - -1.
0
Evaluate (3 - 0) + -1 + -4 + 9.
7
Evaluate -1 + (-5 - 3 - -4).
-5
Evaluate -11 + 12 - -11 - 4.
8
Calculate 7 - (6 + 1 + 6).
-6
What is the value of 1 + (-6 - -4 - 1)?
-2
-11 + -12 + 10 - (-5 + -1)
-7
What is the value of 4 + (-16 - -15) + 0 + -1?
2
Calculate 3 + (9 - 9) - 2.
1
What is the value of (2 - (4 - 7)) + (-5 - -11)?
11
What is (2 - 5) + (1 - (12 - 8))?
-6
Calculate 0 + -11 + (1 - -4).
-6
Calculate -6 + (-3 - (0 - -1)).
-10
(7 - 12) + 8 - -4
7
Evaluate -2 + 5 + 4 - 6.
1
What is -2 + -6 + (10 - 2) - 5?
-5
Calculate -2 + (8 - 4) + 0 + -3.
-1
Evaluate -3 - ((5 - 0) + -9 + 2).
-1
Calculate 0 + -2 + -13 + 12.
-3
What is -22 + 27 + (-1 - (10 + -2))?
-4
What is (-4 - -9) + (4 + 0 - 4)?
5
Calculate (-1 + 7 - 0) + (-18 - -4).
-8
Evaluate -8 + 7 - (-16 + 11).
4
Evaluate 1 + (7 - (1 + 0 + 3)).
4
-7 + 6 + -3 + 2
-2
What is -6 + (0 - (-7 - -5))?
-4
What is the value of -4 + (-9 - -6) + 11?
4
Evaluate 1 - (2 + 1 - -2).
-4
Calculate 12 + (-4 - 7) + -1.
0
Calculate -1 + 3 - (-7 - -6).
3
22 + (8 - 10) + -12
8
What is the value of (2 - 12) + 173 + -153?
10
What is (4 - (-4 + 2)) + -25 + 18?
-1
What is the value of (2 - (-1 + 6 - 0)) + 2?
-1
Evaluate -2 - (2 - -4) - -3.
-5
Evaluate 4 + (0 - -2 - (0 - 2)).
8
(-8 - -5) + (-2 - -1)
-4
-53 + 34 - (0 + -13)
-6
Evaluate 2 - (1 + 0 + 0).
1
-9 + -1 + 3 + 2
-5
Evaluate (-16 - (-3 - 4)) + 9.
0
Calculate 1 + (-2 - 1) - 0 - 2.
-4
What is -115 - -127 - (1 - -10)?
1
Evaluate -12 - (8 + -22 - -4).
-2
What is (-4 - 3) + 3 + 8 - 6?
-2
Calculate 0 + 2 - (-171 - -167).
6
(1 - 6) + 4 - -6
5
Evaluate 1 + 3 - 12 - -8.
0
0 + -3 + -1 + 3
-1
-20 - -17 - (-5 - 1)
3
4 + -1 - 0 - 